41
Calculate the highest common divisor of 3275 and 524.
131
Calculate the highest common factor of 209 and 5.
1
Calculate the highest common factor of 2 and 46.
2
Calculate the highest common divisor of 73 and 41975.
73
Calculate the highest common factor of 28 and 28.
28
Calculate the highest common divisor of 126 and 738.
18
What is the highest common factor of 168 and 59976?
168
Calculate the greatest common factor of 71 and 1207.
71
What is the greatest common factor of 427 and 122?
61
What is the highest common factor of 1216 and 192?
64
Calculate the highest common divisor of 1038 and 6.
6
Calculate the highest common factor of 2 and 276.
2
Calculate the highest common factor of 33 and 451.
11
Calculate the greatest common factor of 45 and 9.
9
What is the greatest common factor of 63 and 39753?
63
Calculate the greatest common factor of 116 and 377.
29
Calculate the highest common divisor of 78 and 481.
13
What is the greatest common factor of 256 and 12?
4
What is the highest common divisor of 247 and 26?
13
What is the highest common divisor of 37 and 481?
37
Calculate the greatest common divisor of 1312 and 123.
41
What is the greatest common factor of 12 and 1038?
6
What is the greatest common divisor of 15 and 320?
5
What is the greatest common divisor of 246 and 410?
82
What is the greatest common divisor of 12 and 7?
1
What is the highest common divisor of 57 and 3249?
57
Calculate the highest common divisor of 324 and 4.
4
Calculate the highest common factor of 6 and 4.
2
What is the greatest common factor of 1078 and 198?
22
Calculate the highest common factor of 112 and 19952.
16
What is the highest common divisor of 1 and 53?
1
Calculate the highest common factor of 39 and 123.
3
Calculate the highest common divisor of 253 and 11.
11
What is the highest common divisor of 40 and 12780?
20
What is the highest common factor of 423 and 235?
47
Calculate the greatest common factor of 972 and 348.
12
What is the greatest common factor of 9 and 981?
9
What is the greatest common divisor of 10642 and 68?
34
Calculate the highest common factor of 217 and 2387.
217
What is the greatest common factor of 440 and 660?
220
What is the greatest common factor of 16 and 880?
16
Calculate the greatest common factor of 29 and 23983.
29
Calculate the greatest common factor of 77 and 22.
11
What is the greatest common divisor of 320 and 38080?
320
Calculate the greatest common divisor of 62 and 31.
31
What is the greatest common factor of 1472 and 46?
46
What is the highest common divisor of 12 and 7284?
12
Calculate the greatest common factor of 50 and 1100.
50
What is the greatest common factor of 249 and 13612?
83
Calculate the highest common factor of 2352 and 168.
168
What is the greatest common factor of 32 and 312?
8
What is the greatest common factor of 4 and 10?
2
What is the highest common divisor of 42 and 5838?
42
Calculate the highest common factor of 4 and 3474.
2
What is the greatest common factor of 6466 and 427?
61
What is the highest common factor of 107 and 1819?
107
Calculate the highest common divisor of 60 and 1008.
12
What is the highest common factor of 26 and 403?
13
What is the highest common factor of 1897 and 2439?
271
Calculate the highest common divisor of 90 and 486.
18
What is the highest common factor of 18 and 4122?
18
Calculate the greatest common factor of 648 and 16.
8
Calculate the highest common divisor of 79 and 10823.
79
Calculate the greatest common factor of 53552 and 16.
16
Calculate the greatest common factor of 106 and 954.
106
What is the highest common factor of 47424 and 52?
52
What is the highest common factor of 9898 and 808?
202
What is the greatest common factor of 406 and 4756?
58
What is the highest common divisor of 656 and 48?
16
Calculate the highest common divisor of 70 and 77.
7
What is the greatest common divisor of 49 and 56?
7
Calculate the greatest common divisor of 1564 and 69.
23
What is the highest common factor of 82 and 4?
2
What is the greatest common divisor of 2512 and 157?
157
Calculate the highest common divisor of 10 and 135.
5
What is the highest common divisor of 632 and 88?
8
What is the highest common factor of 141 and 36989?
47
What is the highest common divisor of 26 and 1963?
13
Calculate the greatest common divisor of 1560 and 180.
60
What is the highest common divisor of 1435 and 40?
5
What is the highest common divisor of 21 and 471?
3
What is the greatest common factor of 21 and 78141?
21
Calculate the greatest common divisor of 372 and 144.
12
What is the greatest common divisor of 1445 and 5?
5
Calculate the highest common divisor of 48 and 118.
2
What is the highest common factor of 54 and 756?
54
Calculate the greatest common factor of 2 and 230.
2
Calculate the greatest common divisor of 19 and 4351.
19
Calculate the highest common factor of 36 and 243.
9
What is the greatest common divisor of 38 and 166?
2
Calculate the greatest common divisor of 871 and 268.
67
Calculate the highest common divisor of 5562 and 1026.
54
Calculate the greatest common factor of 14 and 658.
14
What is the greatest common factor of 24 and 15?
3
Calculate the highest common factor of 176 and 55.
11
What is the greatest common divisor of 21 and 3472?
7
Calculate the greatest common divisor of 20520 and 108.
108
What is the greatest common divisor of 639 and 18?
9
What is the highest common divisor of 196 and 140?
28
What is the highest common divisor of 29 and 464?
29
What is the greatest common factor of 140 and 100?
20
Calculate the greatest common factor of 30 and 1014.
6
Calculate the highest common factor of 116 and 783.
29
What is the highest common factor of 16 and 440?
8
What is the highest common factor of 22 and 286?
22
What is the greatest common factor of 76986 and 234?
234
Calculate the highest common factor of 5 and 305.
5
What is the greatest common factor of 117 and 104?
13
What is the highest common divisor of 9779 and 77?
77
Calculate the highest common factor of 69 and 4209.
69
Calculate the highest common divisor of 875 and 250.
125
What is the greatest common divisor of 135 and 243?
27
Calculate the highest common factor of 2170 and 70.
70
What is the greatest common divisor of 19 and 589?
19
Calculate the highest common divisor of 23 and 4485.
23
What is the greatest common factor of 201 and 469?
67
Calculate the highest common factor of 36 and 2562.
6
What is the highest common factor of 434 and 14?
14
Calculate the greatest common divisor of 1 and 45.
1
Calculate the highest common divisor of 194 and 1261.
97
What is the greatest common factor of 100 and 4225?
25
Calculate the greatest common factor of 816 and 84.
12
What is the highest common factor of 32 and 992?
32
Calculate the greatest common factor of 8364 and 2040.
204
Calculate the highest common factor of 17 and 19091.
17
What is the highest common divisor of 2560 and 240?
80
What is the highest common divisor of 202 and 31916?
202
Calculate the highest common factor of 1400 and 10800.
200
Calculate the greatest common divisor of 1900 and 57.
19
What is the highest common divisor of 8982 and 18?
18
Calculate the greatest common factor of 273 and 1281.
21
Calculate the highest common divisor of 312 and 72.
24
Calculate the highest common divisor of 207 and 897.
69
Calculate the highest common divisor of 13 and 7787.
13
Calculate the greatest common divisor of 213 and 1846.
71
What is the greatest common factor of 2002 and 770?
154
Calculate the highest common factor of 736 and 276.
92
What is the highest common factor of 732 and 12?
12
What is the greatest common factor of 12 and 23028?
12
Calculate the greatest common factor of 469 and 21.
7
What is the highest common divisor of 40 and 10900?
20
Calculate the highest common divisor of 14 and 994.
14
What is the greatest common divisor of 711 and 144?
9
Calculate the highest common divisor of 28689 and 393.
393
Calculate the highest common divisor of 30 and 5130.
30
What is the greatest common factor of 682 and 62?
62
What is the highest common factor of 287 and 189?
7
Calculate the greatest common factor of 2407 and 522.
29
What is the greatest common divisor of 20 and 4?
4
Calculate the greatest common divisor of 1675 and 275.
25
Calculate 